ctor of 9 and r.
9
Suppose 4*q - 5*x = 6454 + 7151, 5*q + x = 16970. Calculate the greatest common divisor of q and 35.
35
Suppose -8*z - 672 = -5*f, -15*f + 4*z + 676 = -10*f. What is the greatest common factor of 1139 and f?
17
Let k be (27 - (0 + -1))*1. Let m(s) = 4*s - 36. Let j be m(10). Suppose 5*o - z = 424, 3*o - 191 = j*z + 77. Calculate the highest common factor of k and o.
28
Let h(q) = 49*q**2 - 37*q. Let g be h(7). Suppose -31*f - g = -49*f. What is the highest common divisor of 34 and f?
17
Let o(r) = 17*r**2 + 14*r - 7. Let t be o(-5). Suppose -8*x = -4*x + 3*v - 48, x = -4*v + 12. What is the highest common factor of t and x?
12
Suppose -2*g + 14 = 4*q, 33*q + 6 = 4*g + 30*q. Suppose -70 = g*j - 82. What is the greatest common factor of j and 16?
4
Let y = -3491 - -3887. What is the greatest common factor of 1008 and y?
36
Let c = 132 - 90. Suppose 0 = -5*d + 5*q + 6465, 4*q = d + 2*q - 1296. Let t = d + -1262. Calculate the greatest common factor of t and c.
14
Suppose 0 = -20*h + 97 + 43. Suppose 16 = a - h. Calculate the greatest common factor of a and 92.
23
Let u(k) = -2*k**2 - 19*k - 10. Let w be u(-8). Suppose 143 = w*v - 3*v. Calculate the highest common factor of v and 208.
13
Let r(k) = 192*k + 20592. Let v be r(-107). Suppose 2*z = 252 + 204. Calculate the highest common divisor of v and z.
12
Suppose -50 = -3*p - 44. Suppose -p*u - 88 = -2*m - 2*m, m + u = 16. Calculate the highest common factor of 200 and m.
20
Suppose 0 = 2*c - 5*b + 45 - 120, 0 = -5*c - b + 147. Calculate the greatest common divisor of 2985 and c.
15
Suppose -o + 7 = -0*t + 4*t, 5*t = 5*o - 10. Let f(c) = 30*c - 40*c - o + 3 + 1. Let u be f(-1). What is the highest common factor of 1 and u?
1
Suppose -1225 = -4*g - 0*g + 5*j, -g + 303 = 2*j. Suppose 127 = 4*z - g. What is the highest common divisor of 90 and z?
18
Let k be ((-17)/(-2) - 7)*(13 + 1). Calculate the greatest common factor of k and 2492.
7
Let x be (6/(-5))/(24/(-6800)). Suppose 3*c - 5*l - 290 = 0, 0 = -3*c - 5*l - 0*l + x. Suppose -9 = 5*o - 84. What is the highest common factor of o and c?
15
Let r(x) = -x**2 - 25*x - 21. Suppose 12 = 4*w, 4*v + 108 = 2*w + 34. Let d be r(v). What is the greatest common factor of d and 23?
23
Let u(q) = -14*q**3 + 3*q - 2. Let l be u(-2). Let d be (-8)/(4 + (-420)/l). Calculate the greatest common factor of 13 and d.
13
Let h(v) be the first derivative of v**4/4 - 4*v**3 + 10*v**2 + 6*v + 162. Let n be h(10). What is the highest common factor of n and 66?
6
Suppose 9*s + 3*d + 531 = 4*s, 0 = -2*s - d - 213. Let l = 100 + s. Let h be 486/12 + (-2)/l*6. Calculate the greatest common factor of h and 14.
14
Suppose -5 - 5 = -q. Let k = 20 + q. Let v(y) = 3*y**3 - 6*y**2 - 33*y + 72. Let d be v(2). Calculate the greatest common divisor of k and d.
6
Suppose -90 = 13*i + 14. Let m(c) = -112*c + 28. Let u be m(i). Calculate the highest common factor of u and 22.
22
Let r be 37/(-2)*(-1 + -3). Let d = r - 43. Suppose 0 = 55*g + 65*g - 36761 + 7001. Calculate the greatest common divisor of d and g.
31
Suppose -36 = -11*a + 7*a. Suppose v = -2*v - 5*t + a, -4*t = -v + 20. Calculate the highest common divisor of 184 and v.
8
Suppose 0 = 84*d - 79*d + 4500. Let v = 1147 + d. What is the greatest common divisor of v and 38?
19
Let q(o) = 20*o**2 - 4*o + 2. Let w be q(2). Suppose -155 = -3*n - 29. Suppose -5*a = -n - 143. What is the highest common factor of a and w?
37
Suppose 3*y + 85 = 328. Let n = 16057 - 15490. Calculate the greatest common divisor of n and y.
81
Let m = -396 + 409. Suppose -m*a = 2*a - 1110. What is the highest common factor of 37 and a?
37
Let v be (-1 - (70/21 - 4))*-12. Let o(z) = 5*z**2 - 5*z + 9 + 7*z**2 - 1. Let c be o(v). What is the greatest common divisor of 20 and c?
20
Let d(l) = -4*l + 6. Let r be (-4)/18 + (-366)/54. Let p be d(r). Suppose -x + 4*u = -136, 4*x - 8*u = -6*u + 544. What is the highest common factor of p and x?
34
Let f be (-290)/1015 + (148371/21 - 0). What is the greatest common divisor of 30 and f?
15
Suppose 1233*z + 90516 = 1271*z. What is the highest common factor of z and 6?
6
Suppose 298*s - 293*s + 180 = 0. Let q = s + 91. Calculate the greatest common divisor of q and 22.
11
Suppose 3027 = 369*n - 2287 - 590. Calculate the greatest common divisor of n and 488.
8
Let o = 52 - 34. Suppose -o*s = -24*s + 1176. What is the greatest common divisor of 147 and s?
49
Suppose 0 = -b - 5*i + 76, -4*b - 4*i = 48 - 352. Let w be (-12)/42 + 9594/14 + -1. What is the highest common divisor of b and w?
76
Let f be 1*(-2)/6 - (-6 - (-331649)/(-123)). Calculate the highest common divisor of f and 14.
14
Let r(k) = 2*k**2 + 9*k - 9. Let u be r(-13). Suppose -200 = 2*m - u. Calculate the highest common divisor of 18 and m.
6
Let g(j) = 1143*j - 6855. Let i be g(6). Calculate the highest common divisor of 213 and i.
3
Suppose -3120 = -4*w + 2*n, 4*w - n - 806 - 2322 = 0. What is the greatest common divisor of 4368 and w?
112
Suppose -7*l + 7*l = -13*l. Suppose 6*h - 80 - 22 = l. What is the greatest common divisor of h and 136?
17
Let i = -115 + 120. Suppose 9 + 16 = -i*w, 4*n + 2*w = 54. Calculate the greatest common divisor of n and 20.
4
Let u(t) = -121*t - 121. Let y be u(-1). Let i be 4/(-2*(-2)/120). Suppose y*f = 5*f - i. Calculate the greatest common factor of 120 and f.
24
Let h be (9 - (-58 - -7)) + 5. What is the greatest common factor of h and 1040?
65
Let p be -1*(14 + -3307 + -11). Calculate the greatest common factor of p and 118.
118
Let b = -1170 - -1185. Let y(q) = -18*q - 6. Let h(k) = 1. Let w(p) = -9*h(p) - y(p). Let t be w(11). What is the greatest common divisor of b and t?
15
Suppose 25 + 15 = j. Let m = -939 + 964. Suppose -2*b - b + m = 2*o, 4*o - 4*b = 0. Calculate the greatest common divisor of j and o.
5
Let c be 198/(-363) - (-5)/((-165)/(-85554)). What is the highest common factor of 81 and c?
81
Suppose -83 = -8*v - 3. Suppose v*b = -2*o + 9*b + 21, 2*o = -3*b + 23. Calculate the greatest common divisor of 30 and o.
10
Let c(l) = -l**3 + 13*l**2 + 29*l + 14. Let p be c(15). Let b be 70 - (-4 - p - -5). What is the highest common factor of b and 34?
34
Let n = 1011 - 252. Suppose n = 21*y - 1236. What is the greatest common factor of 5 and y?
5
Let z(v) = v - 4. Let x be z(10). Suppose -3*k - x*a + 135 = -3*a, 0 = -k + 4*a + 40. What is the highest common factor of k and 396?
44
Suppose 6824*y - 925 = -3*u + 6822*y, 4*u - 1300 = 4*y. Suppose 0 = 5*m - 87 - 138. What is the greatest common factor of u and m?
45
Suppose 1401 = -6*k + 207. Let q = k - -236. What is the greatest common divisor of q and 259?
37
Suppose -16*j - 8056 = -19*j - 35*j. Calculate the highest common divisor of 1643 and j.
53
Let d(u) = -2 - 2 - 8*u - 1 - 2*u. Let y be d(-7). Let b = y + -45. What is the greatest common divisor of 30 and b?
10
Suppose -7066 = -5*s - r - 503, 5*s - 6545 = 5*r. Calculate the greatest common divisor of s and 574.
82
Suppose k = 35 - 22. Suppose -k + 55 = 2*l. What is the highest common divisor of 1029 and l?
21
Let v be ((-20)/(-6))/(4/72) + 2. Suppose 6*l = v + 88. Suppose 4*i - l = 3*i. What is the highest common factor of i and 225?
25
Suppose -5*t + 4*y + 37 = 0, -4*t + 8*y = 3*y - 35. Suppose 0*b = 5*b - 5*u - 160, 119 = 4*b + t*u. Calculate the highest common divisor of b and 403.
31
Suppose y - 6 = -2*y. Let t = -21 + 105. Suppose -t = g - 94. Calculate the highest common divisor of g and y.
2
Let c = -205758 - -205806. Let a(y) = 102*y**3 + y - 2. Let m be a(2). What is the greatest common factor of c and m?
48
Let x = -10377 - -11777. What is the highest common divisor of x and 56?
56
Suppose -46*b - 265 = -817. Let k be (13/4)/((-9)/(-216)). Calculate the highest common divisor of b and k.
6
Let m(j) = -52*j - 1729. Let i be m(-39). Calculate the greatest common factor of 115 and i.
23
Let m be 18 - ((1 - -1) + -1). Let o = 280 + -243. Let q = 14 + o. Calculate the greatest common factor of q and m.
17
Suppose -4*b - 14*j + 9*j = -2011, 1 = -j. What is the greatest common divisor of b and 1827?
63
Let s(f) = 38*f + 1134. Let v be s(0). Calculate the greatest common factor of 210 and v.
42
Let r = -114 + -256. Let i be (-3)/2*r/15. Calculate the greatest common divisor of 74 